+ (3200/18 - -2). What is the greatest common divisor of 120 and z?
60
Suppose -2*s - 3*w + 21 = 0, -147*w = -5*s - 152*w + 60. Calculate the highest common factor of 270 and s.
15
Let t = 15 + -5. Suppose 0 = 4*b - 5*j - 32, 0 = 5*b - 4*j - t - 21. Let a be 262/b + (-10)/(-15). Calculate the greatest common divisor of a and 8.
8
Suppose 3*x = 6*x - 3*r - 219, -2*x - r + 143 = 0. Let m = -68 + x. Calculate the greatest common divisor of 4 and m.
4
Suppose 46*k - 378 = 66*k - 41*k. Let v(q) = 1 - 4*q**2 + 3*q**3 + 8*q + 2 - 4*q**3. Let h be v(-6). What is the highest common divisor of k and h?
9
Let x(y) = 27*y**2 + 5*y + 1. Let o be x(-1). Calculate the highest common factor of 368 and o.
23
Let t be -1*(-6 + -2 + -1). Let z be (6/(-8))/(1/(-4)). Suppose 4*f = -2*s - 0*f + 146, 4*s = z*f + 237. What is the highest common divisor of t and s?
9
Suppose 1 = 3*z - 4*n, -1 + 12 = 3*z - 2*n. Let t = -17 - -21. Let a be -1 + 204/t + -1. What is the highest common divisor of a and z?
7
Let x(y) = y**3 - 15*y**2 + 17*y - 23. Let t be x(14). Calculate the greatest common factor of 323 and t.
19
Let f be -3*8/(-6) - -18. Suppose f = 17*d - 15*d. Let m(q) = -q**3 + 10*q**2 + 16*q. Let z be m(d). Calculate the highest common factor of 5 and z.
5
Let d = -52 - -53. Suppose -6*q + d = -5. Calculate the highest common divisor of 1 and q.
1
Let p(v) = -3*v + 35. Let y(n) = 3*n - 36. Let o(a) = 6*p(a) + 5*y(a). Let u be o(6). What is the greatest common divisor of u and 4?
4
Let j = 229 + -102. Let t = 150 - j. Calculate the greatest common divisor of 253 and t.
23
Suppose 4727 = 33*i + 1031. Calculate the highest common factor of 64 and i.
16
Let s be (-7)/63 - (-12970)/9. Suppose 373 - s = -6*w. Suppose 4*o = -2*v + 702, o + 2*v + v = w. What is the greatest common divisor of 25 and o?
25
Let d(s) = -18*s + 222. Let i be d(12). Let j be (-2 - (-8)/5)*-15. Suppose j*n - 4*n = 84. What is the highest common divisor of n and i?
6
Let d be (-39 + 32)*(-1 - (-15)/21). What is the greatest common divisor of 852 and d?
2
Let n be (-26)/(-4)*(4 + -68)/(-1). What is the highest common divisor of n and 78?
26
Let w(c) = c - 1. Let m be w(6). Suppose -5*b + 42 = -4*s - 101, 170 = m*b + 5*s. Let d = 45 - b. What is the highest common divisor of 126 and d?
14
Let f be -3 + (4 - -1)/(-5). Let g = f + 23. What is the highest common divisor of 209 and g?
19
Let t(q) = 100*q. Let w be t(1). Suppose 5*x - 5*y - w = 0, -2*x + y = -0*x - 45. Suppose 2*j - 7*j + x = 0. Calculate the highest common factor of j and 5.
5
Let w = -96 - -124. Let h = 16 + w. What is the greatest common factor of 198 and h?
22
Suppose g + g = -4*c + 22, -4*c = 4*g - 44. Suppose j - d - g = d, -5*j = -2*d - 15. Calculate the highest common divisor of j and 5.
1
Suppose 4*f = -2*n + 82, -2*n + 11*f - 9*f = -94. What is the highest common divisor of n and 15?
15
Let v(j) = -j**3 + 14*j**2 - 11*j + 6. Let q be v(12). Calculate the greatest common factor of q and 54.
54
Let m be (1 + -12)*(-19 + 1). Suppose 2*u - 42 = 46. Suppose -z + u = z. Calculate the greatest common divisor of z and m.
22
Let n be (18 - 2)*1/2. Let x = -5 + n. Let r be (-5 + 6)/((-2)/(-6)). Calculate the highest common factor of r and x.
3
Let f(q) = 85*q**2 + q. Let d be (-1 + -1)/(1/(-2)). Suppose 1 = 3*l + d. Let z be f(l). What is the highest common divisor of 12 and z?
12
Suppose -5*b + j + 10 = 0, 2*j = b + 2*b - 6. Let m be (20/3)/((-78)/(-117)). Let y = m + b. Calculate the highest common factor of 3 and y.
3
Let f = -989 - -1021. Calculate the highest common divisor of f and 400.
16
Let c be (2/3)/((-6)/(-225)). Let s = c - 10. What is the highest common factor of 60 and s?
15
Let d = 1481 + -1475. Suppose 76 = 3*u + p, -u - 4*p + 40 = -0*u. What is the greatest common divisor of u and d?
6
Suppose 4*a + 0*a = 24. Let k(b) be the first derivative of 4*b**2 - 8*b + 26. Let v be k(a). Calculate the highest common factor of v and 8.
8
Let r = 77 + -126. Let s = -21 - r. Suppose 2*g = 2*o - 0*o - s, 2*o + 2*g - 20 = 0. What is the highest common divisor of 84 and o?
12
Let k(o) = 5*o**2 - 66*o + 120. Let g be k(22). Calculate the greatest common divisor of 128 and g.
64
Let s(z) = 4*z**2 - 24*z - 3. Let x be s(10). Let f = -143 + x. Calculate the greatest common divisor of f and 112.
14
Let u = 376 - 189. What is the highest common divisor of 22 and u?
11
Suppose -5*c - 9*s + 6*s = -2084, -8 = 4*s. What is the highest common divisor of 22 and c?
22
Suppose -7*a = -9*a + 5*g + 215, 0 = -5*g + 25. Suppose 3*o = -0*d + d + a, 0 = 4*o + 5*d - 160. Calculate the highest common factor of o and 24.
8
Suppose 2*i + 0*i + i = 0. Suppose i = -u + 70 - 52. What is the greatest common divisor of u and 3?
3
Let h(c) = 9*c + 5. Suppose 0 = 5*q - g - 28, -5*q + 2*g = -35 + 4. Let m be h(q). Suppose -45*w + 50*w = m. Calculate the greatest common factor of 15 and w.
5
Let b = -79 - -13. Let c = b - -106. Calculate the greatest common divisor of c and 10.
10
Suppose 0 = 3*f + 5*a - 30, 2*f - 4*f = -5*a + 5. Suppose 0 = 2*s - q - 8, -4*s + 9 - f = -5*q. What is the highest common factor of s and 48?
6
Let j be 80/6*((-1)/1 + 208). Calculate the highest common factor of 115 and j.
115
Let s be (-54)/(-12) + (-1)/(-2). Suppose 2*h - 22 = -4*n - 3*h, s*n - 4*h = 7. Let f be 20/(-8)*n*-8. Calculate the highest common divisor of 15 and f.
15
Let a = -161 + 166. What is the highest common factor of a and 160?
5
Suppose -5*q - 514 = -4*m - 2*q, -q + 652 = 5*m. Let w(d) = 0*d + 5 - 2*d - 4. Let g be w(-6). Calculate the highest common divisor of g and m.
13
Suppose 0*w - 5*w = -5*r + 95, 5 = w. Calculate the highest common divisor of r and 1.
1
Suppose -3*r = 4*y - 41, 5*r + 3*y + 0*y = 72. Calculate the highest common divisor of 250 and r.
5
Let v(o) = o**2 + 47*o - 11. Let y be v(-49). What is the highest common factor of y and 319?
29
Let j(b) = 17*b - 3 - b + 2 + 2*b. Let h be j(1). What is the greatest common divisor of h and 136?
17
Let x = 148 - 36. Suppose 0 = -2*u + 5 + 3. Suppose 6*j = u*j + 28. Calculate the greatest common divisor of j and x.
14
Let t(r) = 2*r**2 - 9*r + 3. Let b be t(6). Let h(m) = 46*m - 227. Let n be h(5). Calculate the highest common factor of b and n.
3
Suppose k + 5 = 6*k. Suppose -5*w + 25 = 0, 0*t + 17 = -2*t + 5*w. Suppose r = -4*s + 17, t*s - 5*r + 2*r = 13. Calculate the highest common divisor of k and s.
1
Let t be 14 - 1 - -8 - (0 + 1). What is the greatest common factor of 130 and t?
10
Let b(y) = y**3 - 59*y**2 - 121*y + 49. Let u be b(61). Calculate the highest common factor of 242 and u.
22
Let u = -3358 + 3361. Suppose 0 = -3*m + 7*m - 84. What is the greatest common divisor of u and m?
3
Let u be 3110/4 + (-22)/(44/3). Calculate the highest common divisor of u and 97.
97
Let y(g) = 2*g**2 - 4. Suppose 2*a + 5*j = 4*a - 1, 0 = 2*a - 4*j - 2. Let k be y(a). Calculate the greatest common divisor of 154 and k.
14
Let a be (-35)/(455/78)*(17 - 1). Let p = 2 - -4. Let g be (2/p)/((-2)/a). What is the greatest common factor of g and 64?
16
Let x = -979 - -1015. What is the greatest common divisor of x and 27?
9
Let c be 2/6 - 9/((-81)/330). Let w be (3 - -1) + -2 + c. What is the greatest common divisor of w and 39?
39
Let r(h) = 39*h + 6. Let a be r(0). Let c = 15 - 12. Calculate the greatest common divisor of c and a.
3
Let w be (9/3)/(102/(-24) - -5). Calculate the greatest common factor of 22 and w.
2
Suppose a - 598 = -513. Calculate the greatest common factor of a and 119.
17
Suppose 4*f + 4 = 16. Let a be 3 + 6 + 1 + 2. Calculate the highest common factor of a and f.
3
Suppose 79 = -6*i + 391. Calculate the highest common factor of 884 and i.
52
Let v be (-4)/12 + (-1179)/27. Let a be (-84)/8 - (-2)/(-4). Let p = a - v. Calculate the highest common factor of p and 3.
3
Let p(u) = u + 4. Let n be 27/(3/(-1))*3/(-9). Let z be p(n). What is the greatest common divisor of 56 and z?
7
Let b be -17 - -24 - 0/(-1). What is the greatest common factor of b and 35?
7
Suppose -4*i + 7*i + 225 = 0. Let h be i/(3/(-1)) + 1. Let u(d) = 2*d**2 + d - 23. Let t be u(4). Calculate the greatest common divisor of h and t.
13
Let a be (-10)/(-4)*7*4. Suppose -60 = j + 48. Let z = -94 - j. Calculate the highest common divisor